
13
Calculate -1 + 3 - (-7 + 0 + 21).
-12
Calculate (20 + -46 - (-6 + -1)) + 38.
19
Evaluate -19 - (6 - 2) - (34 + -42).
-15
Calculate 1 - -5 - (-8 + (3 - (3 - 4))).
10
What is 14 + -32 + 8 - -18?
8
Calculate (-9 - 0) + 20 + -6.
5
-1 - (57 + -38 - (0 - -6))
-14
Evaluate -2 + (2 - -10) + -8.
2
What is the value of 3 - 14 - (1 + -5 + -7)?
0
Evaluate (251 - 188) + -37 + -1.
25
Calculate 125 + -120 + (-7 - -6) + (-3 - 1).
0
19 - (30 - 14) - (0 + 1)
2
16 + 13 + 4 + -23
10
Evaluate 42 + -2 + (25 - -16 - 48).
33
Evaluate -13 - (-12 + (-11 - (-18 - -3))).
-5
-33 + 4 - (-55 + 26)
0
7 - (6 - 5) - (-2 - (-2 + -6))
0
What is 115 - 131 - (1 + 2 - 8)?
-11
(-10 - -9) + (-4 - 2) + 3 - 1
-5
Calculate -2 + (-2 - (-20 - -22)).
-6
Evaluate 27 + 14 + -34 + 6 + (-5 - -5).
13
12 - (51 + -41 + 10)
-8
0 + (-10 - -44 - 16)
18
Calculate -6 + -5 + (-2 - -13 - 4) + 6.
2
What is 12 + 1 - (-6 + 0 - (-9 - -2))?
12
Calculate -16 + 25 - ((2 - 0) + 1 + -11).
17
What is (15 - (4 - -1 - -1)) + -4?
5
What is the value of 28 + (-8 + 5 - -7) + -17?
15
What is the value of -41 + 6 + (41 - 24)?
-18
What is the value of 7 - ((-19 - 1) + 113 + -97)?
11
17 + -3 + (2 - -5) + -9
12
What is -1 + -24 - (71 - (48 - -25))?
-23
Evaluate (11 - 22) + 10 + -8.
-9
Evaluate -1 - -31 - (196 - 181).
15
What is -4 + (7 - (-12 + 4 - -4))?
7
What is -14 + (21 + -18 + -3 - (10 - 1))?
-23
(-5 - (6 + -8 + (-8 - -2))) + -5
-2
Calculate (2 - -2) + 33 + -23 - (2 + 8).
4
What is the value of 0 + (4 - ((19 - 1) + -1)) + 2?
-11
What is the value of 10 + 2 + -4 + (-9 - (-21 + 16))?
4
What is -4 - 1 - (-13 - (-5 - -11 - 5))?
9
-20 - (-5 - (5 + 2))
-8
What is the value of -5 + 12 + -6 - -8?
9
Evaluate -6 + -15 + 16 + (32 - (-2 - -4)).
25
Calculate ((-9 + 7 - -7) + -5 - -3) + -12.
-9
What is 9 + (25 - 8 - 11 - -5)?
20
What is -31 + 2 + 3 + 12 + -8?
-22
Calculate (3 - -9) + -17 - 3.
-8
-25 - (13 - (-16 - -15 - -14))
-25
What is (-3 - (18 - (-3 - -1))) + 0?
-23
Calculate -31 - -20 - -16 - 0.
5
What is the value of (-11 - (-4 + -4)) + 13 + -8?
2
What is (16 - (2 + 2)) + -18 - 7?
-13
What is -4 + (-293 - -292 - (-1 + -10 - -1))?
5
Calculate -3 - 3 - -3 - (-14 - (9 + -26)).
-6
What is 28 + -8 + 14 + -21?
13
Evaluate 2 - 9 - ((14 - 25) + 26).
-22
Calculate -19 + (-16 + -5 + 27 - 15).
-28
What is the value of -4 + 2 - -1 - (-37 + 12 + 0)?
24
What is the value of 10 + 14 + (8 - 17)?
15
Calculate 5 + (-27 - (-12 - -20)).
-30
What is -12 - (12 + -27) - 6?
-3
What is the value of (1 - 3) + -95 + 93?
-4
What is 23 - (36 - (-12 - 5))?
-30
Calculate -5 - (0 + 13 + -11 + 3).
-10
Calculate -191 + 216 - (0 - -42).
-17
Evaluate -13 + 39 + -19 + (6 + -3 - 1).
9
29 - ((-20 - -81) + -25)
-7
Evaluate -35 + (11 - 27 - -7) + 18.
-26
What is -2 + -7 + 8 - (-5 - 1) - -1?
6
Calculate (19 - (-3 + 13)) + -3 + 12.
18
Evaluate 12 - (14 + (-26 - 0) - -19).
5
-9 + (541 - 547 - (-2 + 0 + -1))
-12
Evaluate (29 + -59 - -2) + 48.
20
24 - (11 + 7) - 23
-17
Evaluate (3 + -4 - 0) + (5 - (7 + 3)).
-6
Calculate (1 + -1 - -2) + -2 + (7 - 12).
-5
What is the value of (1979 - 2016) + 32 + 0?
-5
Evaluate 1 + -21 - -11 - 2 - -6.
-5
27 + -27 + (-6 + 29 - (2 + -1))
22
What is -22 + -5 + (9 - -33)?
15
Evaluate (3 - -10 - (-45 + 56)) + (1 - 2).
1
4 + (-5 - (-20 + 15))
4
What is 18 + -1 - (-32 + 33) - -11?
27
What is the value of (74 - 130) + 27 + 6?
-23
What is the value of -10 + 1 + (-6 - -10) + -5 - -1?
-9
-5 + -14 - -13 - -20
14
Evaluate 4 - (-11 + 0 - -3).
12
What is the value of (-4 + 3 + -2 - 3) + -1?
-7
What is the value of -4 + (49 + -57 - (-3 + 2))?
-11
What is 5 + -10 + -4 + 4?
-5
-583 + 527 - (1 + -32)
-25
What is the value of (-8 - -17 - (4 + -6 + 38)) + 7?
-20
Calculate -11 - -24 - 15 - (0 + 11).
-13
Evaluate (1 - (26 + 1)) + (118 - 149 - -40).
-17
Evaluate (22 - 23) + -22 + 19.
-4
What is the value of 15 + (-2 - -18) + 2 + -8 + -11?
14
-5 + 8 - (8 + (4 - 19))
10
What is 16 + (-28 - -26) + -7 + 2?
9
Evaluate -15 + 2 + (39 - 39) - -4.
-9
-7 + -6 + 24 + 3 + 1
15
What is -1 - (-14 + 0) - 27?
-14
Evaluate -56 + 34 + 29 - (12 - (0 + -1)).
-6
Evaluate -13 + (-3 - -2) + -6 + 4.
-16
(10 - 6 - -3) + -10 - (-12 - -15)
-6
What is the value of (2 - -3 - 10) + (1 + -1 - -1)?
-4
What is the value of 26 + (-43 + 22 - 3) - (0 - 4)?
6
18 - (-35 + 27 - 9)
35
What is -10 - (9 + (-12 - -12 - (13 + -6)))?
-12
What is 0 - (-10 - (-9 + -2 + -6) - -2)?
-9
What is 30 - (10 + -7 + (7 - -1))?
19
Calculate -8 + 14 + 23 + -42.
-13
2 + (-4 - -1) - (29 + -22)
-8
Calculate (1 + 2 + -1 - -1) + 1437 + -1441.
-1
Calculate -10 + (-18 - -9) + 14 - 10.
-15
What is -25 + 26 + (-1 - -5) - -7?
12
What is 2 - 5 - (35 - 30 - (2 - 1))?
-7
Evaluate 12 + (-1 - 3 - (6 - 8)) + 2.
12
Calculate 6 - (0 + 12 - (-14 - (-10 + -1))).
-9
Evaluate (1 + 0 - -8) + 3.
12
What is the value of -360 - -367 - (0 + 24)?
-17
26 - (17 + -27 + 20)
16
-2 + 33 + -35 - (15 - -1)
-20
Evaluate -6 + -17 - (-33 - -19).
-9
Calculate -49 - -67 - (29 + -2).
-9
What is -19 + 4 + 31 - 42?
-26
What is the value of -70 + (33 - -21) + (5 - (0 + 1))?
-12
Calculate 0 + (-14 - -6 - -4 - (-11 - -2)).
5
(-4 - (1 - (1 + 0))) + -7 + 9
-2
-24 - -53 - (21 + -14)
22
(-3 - (-23 + 17)) + 25 + (-2 - -3)
29
What is -1 + (2 - 4 - (10 + -12))?
-1
Calculate 19 + (-33 - -8) - (7 - (-3 - -3)).
-13
2 - (3 + 0 + -7 + 9 + -10)
7
Evaluate (11 - 3) + -1 + 5 + -4.
8
What is the value of 29 - (-26 - -50) - -16?
21
Evaluate 19 + -10 + 21 - (7 - 0).
23
-1 - (3 - -5 - (-77 - -72))
-14
What is the value of (-21 - 22) + 31 + 29?
17
-10 + -5 + 4 + 3
-8
(26 - 40) + -5 + (-9 - -13)
-15
Evaluate (-2 + 6 + 11 - 15) + 5 + 1.
6
What is -52 + (0 - (-38 - 8))?
-6
9 - ((28 - 13) + -6 + -4)
4
-1 + (-21 - (9 + 3 - 17))
-17
Calculate (-28 - (-88 - -42)) + -45.
-27
Evaluate 18 - (11 - (9 - -1) - -57).
-40
Calculate -35 - (33 + -73) - 26.
-21
Evaluate (-16 - (-6 + 6 - 2)) + 16.
2
Calculate (-3 - (17 + -14)) + -1.
-7
What is 20 + 3 + 4 + -27 + 11?
11
15 - (-9 - (-8 - 3))
13
What is the value of -4 + -6 + -3 + 1?
-12
22 - (-23 + 52 + -13)
6
Calculate 1 + 10 - (12 + (16 - 18)).
1
Calculate -4 + (-4 - -4) + 4 - (-7 - -10).
-3
Calculate 17 + -18 + -4 + 8 - (5 + 0).
-2
What is the value of -58 - -49 - (-17 - (-4 - -2))?
6
29 - 1 - (-11 + -6 + 28)
17
Evaluate -13 + -1 - 1 - (-58 + 56).
-13
(-20 - -25 - -19) + -27
-3
Calculate -1 + 6 - (-5 + 6) - -2.
6
Calculate -6 + (-33 + 38 - (-1 - -10)) + 0.
-10
-14 + 2 - -18 - 8 - -1
-1
-5 - (5 + -6 - 8) - (-94 + 118)
-20
0 - (2 + 8 + -19 - (-1 - 4))
4
What is (2 - (2 - (-10 - -3))) + -1?
-8
What is -13 + (3 + -12 - -6) - -9?
-7
What is the value of -12 - -18 - (4 - (4 + 3 + 5))?
14
Calculate (0 - -2) + (-2 + 21 + -35 - 8).
-22
What is -1 + -4 + 1 + -7 - (-5 - -8)?
-14
What is -5 + (-4 - (-19 + 20 - (-6 - -1)))?
-15
Calculate (1461 - 1478) + 9 + 0.
-8
-6 - 0 - (-823 - -803)
14
Evaluate (-10 - -10 - (-20 + 0)) + (-21 - -16).
15
What is (8 + 2 + -6 - -1) + -4 + -1?
0
Calculate 18 - (12 + -27 + 23).
10
What is (-4 + 1 - (2 + -12)) + 7 + -11?
3
What is (16 - -1) + -1 - (50 + -24 + -20)?
10
Evaluate (-2 - 7) + (12 - 4) - -8 - -14.
21
12 + 5 + -5 - (0 + 2)
10
What is (24 - 53) + 35 + (-20 - 0) - -5?
-9
Calculate (31 - 33) + 7 + -1 + 4.
8
Evaluate (5 + -7 - 5) + 6 + -2.
-3
(-1 - 1) + 14 + (-143 - -150)
19
-4 + (-7 - -8) + -3 + 6 + -8
-8
Calculate 2 + 23 + (18 - -17 - 48).
12
What is the value of -20 + (89 - 79) + (-1 - 22)?
-33
-4 + 20 + -35 - -20
1
-10 + 0 + 12 + 16 + -46
-28
What is the value of 237 - 258 - (-8 - 0)?
-13
What is (-4 - (-2 + 19)) + (1 - -9)?
-11
Evaluate (5 - 7) + -3 + -6.
-11
-158 - -154 - (-3 + (0 - -2))
-3
Evaluate (-9 - (-3 + 19)) + 16.
-9
-9 - (1 + -3) - (-5 + 2 - 1)
-3
What is -4 + 36 + -4 + (-122 - -112)?
18
Calculate 6 + -21 - (-11 + 2).
-6
Calculate 4 + -7 - (5 - -1 - 17).
8
-34 + 50 + -30 + (-8 - -1)
-21
2 + -3 + (-3 - (-12 - -15))
-7
What is 5 + (-26 + -17 - -55)?
17
What is (-23 + 12 - -32) + (-4 - 3)?
14
What is -2 + 0 + 10 - (-325 - -321)?
12
What is -33 + (20 - -49) - 9?
27
Evaluate 122 - 113 - (-12 + 0).
21
0 - (-8 + 1 + 3) - -8
12
Evaluate -3 + (-6 - 2 - (1 - 5)).
-7
Evaluate -24 + (-221 - -220 - (-8 + -1)).
-16
39 + (-16 - 20 - -1)
4
Calculate 8 + 11 + -1 + (-1 - -1 - 5).
13
What is 29 + (-2 - -10 - 19) + 9?
27
-17 + (-49 - -23 - -34 - (1 - -1))
-11
What is (-12 - -20) + 5 + (0 + 0 - 4)?
9
-11 - (-3 + -2) - (9 + -12)